{"id":38284,"date":"2025-07-02T19:10:49","date_gmt":"2025-07-02T19:10:49","guid":{"rendered":"https:\/\/rotary4320.cl\/?page_id=38284"},"modified":"2025-07-24T13:41:53","modified_gmt":"2025-07-24T13:41:53","slug":"pagos-2023-2024","status":"publish","type":"page","link":"https:\/\/rotary4320.cl\/index.php\/pagos-2023-2024\/","title":{"rendered":"PAGOS 2025-2026"},"content":{"rendered":"\n<p><strong>Tesorero:&nbsp;<\/strong>Edgar Ibarra Gonzalez \/ eig.ibarra@gmail.com \/ +56 9 98843181<br><\/p>\n\n\n\n<h2 class=\"wp-block-heading\"><strong>ROTARY INTERNATIONAL<\/strong><\/h2>\n\n\n\n<ul class=\"wp-block-list\">\n<li>1\u00b0 Factura 01 de Julio 2025.<\/li>\n\n\n\n<li>2\u00b0 Factura 01 de Enero 2026<\/li>\n<\/ul>\n\n\n\n<p>Se paga a trav\u00e9s de Tarjeta de Cr\u00e9dito y la p\u00e1gina My Rotary.<\/p>\n\n\n\n<h3 class=\"wp-block-heading\"><strong>GOBERNACI\u00d3N DISTRITAL<\/strong><\/h3>\n\n\n\n<h3 class=\"wp-block-heading\"><strong>CUOTA GOBERNACI\u00d3N<\/strong><\/h3>\n\n\n\n<p>$ 9.000 pesos semestral, por socio activo al 1\u00b0 de julio y al 1\u00b0 de enero.<\/p>\n\n\n\n<p>1\u00b0 pago 01 Julio 2025<\/p>\n\n\n\n<p>2\u00b0 pago 01 Enero 2026<\/p>\n\n\n\n<h3 class=\"wp-block-heading\"><strong>SITIOS WEB<\/strong><\/h3>\n\n\n\n<p>$ 33.000 pesos anual por club, a pagar el 1\u00ba de julio. Solamente una vez por Periodo Rotario.<\/p>\n\n\n\n<p>Se paga con la primera cuota semestral de la Gobernaci\u00f3n.<\/p>\n\n\n\n<p><strong>Transferencia electr\u00f3nica o dep\u00f3sito:<\/strong><\/p>\n\n\n\n<p>Nombre: Edgar Ibarra Gonzalez<br>RUT: 8.905.538-5<br>Banco: SCOTIABANK<br>Cta. Cte. # 972272965<br>E-mail: eig.ibarra@gmail.com<br><strong>Obligatorio Indicar Nombre de Club<\/strong> y Concepto de pago<\/p>\n\n\n\n<h2 class=\"wp-block-heading\"><strong>EL ROTARIO DE CHILE<\/strong><\/h2>\n\n\n\n<h3 class=\"wp-block-heading\"><strong>SUSCRIPCIONES<\/strong><\/h3>\n\n\n\n<p>$ 2.000 pesos suscripci\u00f3n semestral de tres ejemplares por socio activo (en caso de ser pareja estable, existe la opci\u00f3n de realizar el pago s\u00f3lo por uno) al 1\u00b0 de julio y 1\u00ba de Enero, m\u00e1s las suscripciones voluntarias adicionales de cada club.<\/p>\n\n\n\n<p><strong>Transferencia electr\u00f3nica o dep\u00f3sito:<\/strong><\/p>\n\n\n\n<figure class=\"wp-block-table\"><table class=\"has-fixed-layout\"><tbody><tr><td>Nombre<\/td><td>Jos\u00e9 Miguel Oportus<\/td><\/tr><tr><td>Rut<\/td><td>5.928.272-7<\/td><\/tr><tr><td>Banco<\/td><td>Santander<\/td><\/tr><tr><td>Cta. Corriente<\/td><td>94744067<\/td><\/tr><tr><td>E-mail<\/td><td>srs@saintrose.cl<\/td><\/tr><tr><td><strong>Observaci\u00f3n<\/strong><\/td><td><strong>Indicar Nombre Club Rotario<\/strong><\/td><\/tr><\/tbody><\/table><\/figure>\n\n\n\n<h2 class=\"wp-block-heading\"><strong>LA FUNDACI\u00d3N ROTARIA<\/strong><\/h2>\n\n\n\n<h3 class=\"wp-block-heading\"><strong>APORTES VOLUNTARIOS<\/strong><\/h3>\n\n\n\n<p>Montos comprometidos con el Gobernador Distrital y\/o aportes voluntarios a LFR.<\/p>\n\n\n\n<p>En cualquiera oportunidad Dep\u00f3sito en Banco o Tarjeta de Cr\u00e9dito en MY ROTARY.<\/p>\n\n\n\n<p><strong>Dep\u00f3sito:<\/strong><\/p>\n\n\n\n<p>Titular Rotary International<br>Direcci\u00f3n 110 North Wacker Drive, Chicago, IL 60606, EE.UU.<br>Banco Bank of America<br>Direcci\u00f3n 110 North Wacker Drive, Chicago, IL 60606, EE.UU.<br>Cta. Cte. 8666023173<\/p>\n\n\n\n<p>Observaci\u00f3n:&nbsp;<strong>Indicar Nombre Club Rotario, Donador y Fondo al que se aporta.<\/strong><\/p>\n","protected":false},"excerpt":{"rendered":"<p>Tesorero:&nbsp;Edgar Ibarra Gonzalez \/ eig.ibarra@gmail.com \/ +56 9 98843181 ROTARY INTERNATIONAL Se paga a trav\u00e9s de Tarjeta de Cr\u00e9dito y [&hellip;]<\/p>\n","protected":false},"author":1,"featured_media":0,"parent":0,"menu_order":0,"comment_status":"closed","ping_status":"closed","template":"","meta":{"site-sidebar-layout":"default","site-content-layout":"","ast-site-content-layout":"default","site-content-style":"default","site-sidebar-style":"default","ast-global-header-display":"","ast-banner-title-visibility":"","ast-main-header-display":"","ast-hfb-above-header-display":"","ast-hfb-below-header-display":"","ast-hfb-mobile-header-display":"","site-post-title":"","ast-breadcrumbs-content":"","ast-featured-img":"","footer-sml-layout":"","theme-transparent-header-meta":"","adv-header-id-meta":"","stick-header-meta":"","header-above-stick-meta":"","header-main-stick-meta":"","header-below-stick-meta":"","astra-migrate-meta-layouts":"default","ast-page-background-enabled":"default","ast-page-background-meta":{"desktop":{"background-color":"var(--ast-global-color-5)","background-image":"","background-repeat":"repeat","background-position":"center center","background-size":"auto","background-attachment":"scroll","background-type":"","background-media":"","overlay-type":"","overlay-color":"","overlay-opacity":"","overlay-gradient":""},"tablet":{"background-color":"","background-image":"","background-repeat":"repeat","background-position":"center center","background-size":"auto","background-attachment":"scroll","background-type":"","background-media":"","overlay-type":"","overlay-color":"","overlay-opacity":"","overlay-gradient":""},"mobile":{"background-color":"","background-image":"","background-repeat":"repeat","background-position":"center center","background-size":"auto","background-attachment":"scroll","background-type":"","background-media":"","overlay-type":"","overlay-color":"","overlay-opacity":"","overlay-gradient":""}},"ast-content-background-meta":{"desktop":{"background-color":"var(--ast-global-color-4)","background-image":"","background-repeat":"repeat","background-position":"center center","background-size":"auto","background-attachment":"scroll","background-type":"","background-media":"","overlay-type":"","overlay-color":"","overlay-opacity":"","overlay-gradient":""},"tablet":{"background-color":"var(--ast-global-color-4)","background-image":"","background-repeat":"repeat","background-position":"center center","background-size":"auto","background-attachment":"scroll","background-type":"","background-media":"","overlay-type":"","overlay-color":"","overlay-opacity":"","overlay-gradient":""},"mobile":{"background-color":"var(--ast-global-color-4)","background-image":"","background-repeat":"repeat","background-position":"center center","background-size":"auto","background-attachment":"scroll","background-type":"","background-media":"","overlay-type":"","overlay-color":"","overlay-opacity":"","overlay-gradient":""}},"footnotes":""},"class_list":["post-38284","page","type-page","status-publish","hentry"],"_links":{"self":[{"href":"https:\/\/rotary4320.cl\/index.php\/wp-json\/wp\/v2\/pages\/38284","targetHints":{"allow":["GET"]}}],"collection":[{"href":"https:\/\/rotary4320.cl\/index.php\/wp-json\/wp\/v2\/pages"}],"about":[{"href":"https:\/\/rotary4320.cl\/index.php\/wp-json\/wp\/v2\/types\/page"}],"author":[{"embeddable":true,"href":"https:\/\/rotary4320.cl\/index.php\/wp-json\/wp\/v2\/users\/1"}],"replies":[{"embeddable":true,"href":"https:\/\/rotary4320.cl\/index.php\/wp-json\/wp\/v2\/comments?post=38284"}],"version-history":[{"count":6,"href":"https:\/\/rotary4320.cl\/index.php\/wp-json\/wp\/v2\/pages\/38284\/revisions"}],"predecessor-version":[{"id":38794,"href":"https:\/\/rotary4320.cl\/index.php\/wp-json\/wp\/v2\/pages\/38284\/revisions\/38794"}],"wp:attachment":[{"href":"https:\/\/rotary4320.cl\/index.php\/wp-json\/wp\/v2\/media?parent=38284"}],"curies":[{"name":"wp","href":"https:\/\/api.w.org\/{rel}","templated":true}]}}